ose 0 = n + 7*n - 1296. Calculate the highest common divisor of 18 and n.
18
Let i be 3 + 6/3 - 2. Calculate the highest common divisor of i and 9.
3
Suppose -4*f + 6*f = 152. What is the highest common factor of 57 and f?
19
Let d be ((-44)/12 - -3)*-9. Let v be ((-16)/(-6))/(d/36). What is the greatest common factor of v and 40?
8
Suppose -s - s = 2*t - 30, 0 = t + 3*s - 9. Calculate the greatest common divisor of 12 and t.
6
Let o be 2737/4 + 1/(-4). Suppose o = 8*r - 4*r. Calculate the highest common divisor of 19 and r.
19
Let t(o) = -o**3 + 4*o**2 - 5*o + 2. Let d be t(3). Let b(z) = -2*z**3 - 4*z**2 + 6*z + 5. Let u be b(d). Calculate the highest common divisor of 18 and u.
9
Let a = 14 - -1. Suppose 0 = -5*p + 22 + 58. Suppose -p + 691 = 5*u. Calculate the highest common divisor of u and a.
15
Let s(f) = f + 4. Let j be s(-7). Let y be 1/j + (-170)/(-6). Let k = -70 - -140. What is the highest common divisor of k and y?
14
Let j be (-15)/(-1) + (-3 - 0). Let m be j/(4/8*2). Calculate the highest common factor of m and 24.
12
Suppose -5*y = 85 - 20. Let k = y - -26. Calculate the greatest common factor of 39 and k.
13
Let z = 11 + -2. Let w(j) be the second derivative of -j**4/12 + 8*j**3/3 - 7*j**2/2 - j. Let a be w(z). Calculate the greatest common factor of 14 and a.
14
Let z = 27 - -9. What is the highest common divisor of 12 and z?
12
Let o = 18 - 10. Suppose 3 - 6 = q, 4*c + 2*q = 414. Let a = -41 + c. What is the highest common divisor of o and a?
8
Let k be 3/(2/2) + -1. Let q = k - 0. Calculate the greatest common divisor of q and 10.
2
Suppose 2*v + n - 111 = 6*n, 0 = -2*n - 6. Calculate the highest common factor of v and 32.
16
Let f be (-1)/4 + (-3)/(-12). Let o(j) = -j - 1. Let z be o(-5). Suppose -z*b + 4 = -f*b. Calculate the greatest common divisor of 3 and b.
1
Let a(h) be the first derivative of h**3/3 + 4*h**2 + h - 4. Let k be a(-9). Calculate the highest common factor of k and 60.
10
Let n = -13 + 58. What is the highest common divisor of 9 and n?
9
Let u be -4*(8/2 - 5). What is the highest common divisor of u and 40?
4
Suppose 2*k = 5*u + k - 1075, 0 = -2*u + k + 427. Calculate the greatest common divisor of u and 27.
27
Let r(q) = q**3 + 4*q**2 + 2. Let v be r(-4). Let a be v/6 + (-357)/(-9). Suppose a = b + b. What is the greatest common divisor of 40 and b?
20
Let r(k) = 6*k - 6*k + 0*k - 3 + 13*k. Let b be r(3). What is the highest common divisor of b and 9?
9
Let v be 2*(-2 + 0) + 3. Let m be (31 - v) + 0/(-4). Suppose m = j + j. What is the highest common divisor of j and 32?
16
Let u(s) = -s**2 + 7*s + 7. Let i be u(7). What is the greatest common factor of 35 and i?
7
Let o(j) be the third derivative of j**5/60 + 7*j**4/24 + 4*j**3/3 - j**2. Let a be o(-6). What is the greatest common factor of a and 4?
2
Let x(h) = -47*h**3 + 2*h**2 - 1. Suppose 0 = -3*m + a - 7, -m + 3*a - 14 = m. Let j be x(m). Calculate the greatest common divisor of j and 12.
12
Suppose y + 2*i = 4*y + 10, 5 = -5*y + i. Let r = y + 72. Suppose 4*q - 30 = -5*k + 6*q, -25 = -5*q. Calculate the highest common factor of r and k.
8
Let o = -70 + 196. Let m(j) = j**3 + 8*j**2 + 3*j - 7. Let z be m(-7). What is the highest common factor of o and z?
21
Suppose 3*k + 18 = -0*k. Let g = 4 + k. Let x be (-2)/(-4) - 41/g. What is the greatest common divisor of x and 7?
7
Suppose 0 = -2*i - 4 - 0, 2*q + 5*i - 42 = 0. What is the highest common divisor of q and 65?
13
Let o(d) = d + 4. Let r be o(3). Suppose 0 = -3*g - g - 3*m + 93, -5*m - 48 = -3*g. What is the greatest common divisor of g and r?
7
Let a be 5 - (24/3)/(-4). What is the greatest common factor of a and 49?
7
Let c be (3/6)/((-1)/(-6)). What is the greatest common divisor of 2 and c?
1
Let w(z) be the first derivative of -z**3/3 + 7*z**2/2 + 4*z - 2. Let l be w(6). What is the greatest common factor of l and 5?
5
Suppose 2*m - 17 = 1. Suppose 0 = -5*t + 3*t + 126. What is the highest common divisor of m and t?
9
Let z be ((-4)/4 - -4) + 27. Calculate the highest common divisor of 10 and z.
10
Let m(v) = 3 + v**3 - 6*v**2 + 0*v**2 + v**2. Let b be m(5). Suppose b*j - 48 = 114. Calculate the greatest common factor of 36 and j.
18
Suppose -5*j - 61 + 18 = -2*c, 5*c = j + 73. Calculate the highest common factor of 112 and c.
14
Let v be 28*((-28)/(-16) - 3). Let p = v + 49. Calculate the greatest common factor of p and 2.
2
Suppose 150 = 2*g + 5*k, 0*g = -5*g - k + 352. Suppose q - h - 35 = -0*h, 125 = 3*q + 2*h. Let f = q + -11. Calculate the greatest common divisor of f and g.
14
Let m = -19 - -55. Suppose -4*t + m = 2*t. What is the highest common factor of 2 and t?
2
Suppose -12 = 3*h - 0. Let t = h - -7. What is the greatest common factor of 3 and t?
3
Let g be 12 - (4 + -8 + 5). What is the greatest common factor of g and 99?
11
Let x(s) = -s**3 + 110. Let o(j) = j**2 - 9*j - 10. Let b be o(10). Let c be x(b). Calculate the highest common factor of 22 and c.
22
Let b(l) = l**3 - 19*l**2 - 18*l - 11. Let n be b(20). Calculate the greatest common factor of 145 and n.
29
Let g(l) = -l**2 - 9*l + 3. Let s = -7 + 1. Let k be g(s). Let t = 439 + -250. What is the greatest common factor of t and k?
21
Suppose b - 498 = -5*t - 0*t, 93 = t - 2*b. Calculate the greatest common factor of 9 and t.
9
Let h be 1/(-13)*2 + (-16753)/(-143). Calculate the highest common divisor of h and 13.
13
Suppose -8 = -3*k - 2. Suppose -74 - 6 = -k*o. Suppose 0 = 2*h + 2*h - o. Calculate the greatest common factor of h and 10.
10
Let z(j) = -2*j. Let w be z(-5). Let k be ((-4)/(-6))/(w/225). What is the greatest common factor of k and 10?
5
Let a(n) = 8*n - 5. Let l be a(11). Suppose l = 3*r - 25. What is the greatest common factor of 24 and r?
12
Let z(f) = 2*f**2 - 3. Let l(g) = g**2 - 2. Let r(o) = -11*l(o) + 6*z(o). Let q be r(4). What is the greatest common factor of q and 220?
20
Suppose -14*p = -10*p - 704. Calculate the greatest common divisor of 22 and p.
22
Suppose 0 = m - 44 - 55. Suppose p - 3*t = 12, 0*t - t + 8 = p. What is the greatest common divisor of m and p?
9
Let f(q) be the second derivative of q**4/12 + 5*q**3/6 - 3*q**2 - 3*q. Let a be f(-9). Calculate the highest common divisor of 6 and a.
6
Let n be (-8 - -6)/(2/(-8)). What is the greatest common divisor of n and 40?
8
Let b(o) = -o - 8. Let a be b(-8). Suppose 0*k + k = -3*g + 9, 3*k + 3*g - 3 = 0. Let p be a/k - (-14 - -2). What is the highest common factor of 132 and p?
12
Suppose -3*u + 34 - 4 = 0. Let l(q) = -q**3 + 7*q**2 - q - 4. Let t be l(4). Suppose r - t = -r. What is the greatest common divisor of r and u?
10
Let u(a) = -3*a + 9. Let g be u(-8). Suppose 5*o = 2*o + g. Suppose 0 = 6*k - 2*k + y - 179, 2*y - 6 = 0. Calculate the greatest common factor of o and k.
11
Let c be 50/3 - 1/(-3). What is the highest common divisor of 187 and c?
17
Let u(o) = 2*o + 10. Suppose 0*v = 3*v + 12. Let z be u(v). Calculate the highest common divisor of z and 18.
2
Let a be ((18/24)/(-3))/(2/(-104)). What is the highest common factor of 117 and a?
13
Suppose 0 = 2*m - 0*m - 10. Suppose -2*b - f = -5*b + 75, m*b = 5*f + 115. Let h be 26*(-1 + (-3)/(-2)). Calculate the greatest common factor of b and h.
13
Let c = 66 + -38. Let p(u) = -u**3 - 14*u**2 - 18*u + 5. Let a be p(-13). What is the highest common divisor of c and a?
14
Let k(n) = 14*n**2 - 6*n + 6. Let y be k(3). What is the highest common factor of y and 76?
38
Suppose 16 = t + 3*t. Let h = -11 + 15. Calculate the highest common divisor of t and h.
4
Let q = 9 - 5. Let n be 93/6 + (-2)/q. Let r be (n/(-3) + -1)*-2. Calculate the highest common factor of r and 24.
12
Let x = -76 - -296. What is the greatest common factor of 88 and x?
44
Let k be 1/1*(0 + -368). Let x be (-14)/91 - k/26. Calculate the greatest common divisor of x and 28.
14
Suppose 654 = 5*i - 3*x, 213 + 319 = 4*i + 2*x. Calculate the greatest common divisor of i and 12.
12
Let h(p) = p - 6. Let d be h(-6). Let m be (-3 - 28/d)*-24. What is the greatest common factor of m and 4?
4
Let t(z) = -13*z**2 + z. Let g be t(2). Let s = g + 22. Let c = 41 + s. What is the greatest common factor of c and 13?
13
Let h(g) be the third derivative of g**5/60 + g**4/6 - 2*g**2. Let y be h(-5). What is the greatest common factor